e t(0). Is ((-30)/c - (-44)/10) + z prime?
True
Let u = 161977 - -117286. Is u a prime number?
False
Let x = -455129 - -780976. Is x composite?
True
Let c(x) = -990*x**2 + 6*x + 38. Let n(w) = 1982*w**2 - 11*w - 75. Let s(r) = -13*c(r) - 6*n(r). Is s(-3) a composite number?
True
Let o(q) = 3 + 3 + 1 - 6 + q. Let n(k) = -7*k**3 - 5*k**2 - k - 11. Let m(c) = -n(c) - 2*o(c). Is m(4) a prime number?
False
Suppose 737 = 3*g - 4*q, -50 + 66 = 4*q. Let n = g - -5110. Is n a prime number?
False
Let q = -49 + 51. Let y be q/(-7) - 1734/(-42). Suppose -y = 3*h - 170. Is h composite?
False
Suppose -196757 = -2*b - y, y + y = -10. Is b composite?
True
Let y = 41 + -34. Suppose 2*s - 10593 = -5*h, -5*s + y*h - 2*h + 26395 = 0. Let j = s - 3071. Is j prime?
True
Let l(v) = -v**3 + 16*v**2 - 14*v - 24. Let t be l(15). Let z = t + 11. Suppose 11 = -3*c + z, 2*d - 3*c - 4171 = 0. Is d composite?
False
Suppose 61464 = 616*l - 610*l. Let g = l + -513. Is g a prime number?
False
Let a = -844 - -5921. Is a a prime number?
True
Suppose -5*c + 18 = 3*m - 0, 5*m - 10 = -5*c. Suppose 1134 = -c*y + 7608. Is y a prime number?
False
Suppose 1921640 = 13*z - 650631. Is z a composite number?
True
Suppose 0 = -33*h + 34*h - 4. Let n = -152 - -986. Suppose 5*l - w + 0*w = 2094, 2*l - h*w - n = 0. Is l a prime number?
True
Suppose 4*x + 24 = 40. Suppose -x*p + 7400 = -17156. Suppose 14*z - 7*z - p = 0. Is z prime?
True
Let p(h) = 5*h + 2. Let w be p(0). Is (74/w + 0)*73 a composite number?
True
Suppose -34*j - 20319 = -3*l - 37*j, 3*l = -2*j + 20318. Suppose 3*w - 2*z = l + 57883, 107760 = 5*w - 5*z. Is w a prime number?
False
Let v(x) = -36786*x + 775. Is v(-7) composite?
False
Let z(p) = 37*p**2 + 186*p - 2794. Is z(15) a composite number?
True
Let c(u) = -18*u + 146. Let d be c(8). Suppose 637 = y + m - 205, 5*m = 5*y - 4180. Suppose s - 3*i + 442 = 2*s, -3*i - y = -d*s. Is s a composite number?
True
Let v be 2/12 - 2940/(-72). Let p(u) = -v + 20*u + u + 0 + 0*u. Is p(20) prime?
True
Suppose 7*s = 6338 - 2362. Suppose 2*f - s = 46. Is f a prime number?
True
Suppose 0 = -5*o - 2*z + 207840, 2*z = 12 - 2. Suppose -805*p = -812*p + o. Is p prime?
False
Let v = 763 + -738. Let n(y) = y**2 + 5*y - 69. Is n(v) a composite number?
True
Let u(s) = -3*s + 44. Let y be u(14). Suppose 0 = 4*q + 4*i + 16, -10 = q + y*q + i. Is (q*202)/(-2) - -4 a composite number?
False
Let t(a) = 5*a**3 + 11*a**2 + 21*a + 33. Let d(v) = -6*v**3 - 10*v**2 - 21*v - 32. Let j(x) = -4*d(x) - 5*t(x). Is j(-15) a composite number?
True
Let x(i) = -21*i + 22. Let b be x(4). Let a = -47 - b. Suppose -r + 232 = -a. Is r a composite number?
True
Suppose -8*p + 5*p + 5*y = -261466, -174319 = -2*p - 5*y. Is p composite?
True
Suppose 4*k = 2*k - 17982. Let w be (-6)/(-12) + k/(-6). Suppose -3*t = -a - t + 493, 0 = 3*a - 2*t - w. Is a a prime number?
True
Let k(s) = 2282*s - 7. Let u be k(1). Suppose -3*f - 6*f + 9792 = 0. Let o = u - f. Is o composite?
False
Let r = 562398 + -396877. Is r a prime number?
False
Suppose c = 6, q - 59*c - 30053 = -54*c. Is q prime?
False
Let n be (1463/(-7) + 3)*-8. Let i = -1015 + n. Is i a composite number?
True
Let k(h) = -h**3 - 8*h**2 - 19*h - 13. Suppose 9*g = 11*g + 5*n + 25, -47 = 3*g - 2*n. Is k(g) composite?
False
Suppose 12*f - 900482 - 950266 = -0*f. Is f a composite number?
False
Suppose 0 = 23*l - 38*l + 109245. Is l prime?
True
Let y(n) = n**3 + 58*n**2 - 13*n - 11. Is y(-39) composite?
True
Suppose -9*b + 28060 + 334514 = 0. Is b composite?
True
Let b(h) = -h**2 + 11*h + 4. Let s be b(11). Suppose o + s*o = 15. Suppose 2*w - 151 = 5*l, -240 = -o*w - 2*l + 5*l. Is w a composite number?
False
Suppose 8559 = -14*s + 15*s. Suppose 0 = 11*m - 34909 - 124195. Let x = m - s. Is x prime?
False
Let y(h) = -577*h + 11. Let s(j) = -577*j + 12. Let a(d) = -5*s(d) + 4*y(d). Let k be a(10). Let q = k + -3631. Is q a prime number?
False
Let b(a) = 169*a**2 - a - 2. Let x be b(-2). Suppose -6964 = 8*k + x. Let r = -648 - k. Is r a composite number?
False
Let a(c) = -c**3 + 8*c**2 + 4*c - 7. Let b(n) = n**3 + n**2 - 2*n. Let q be b(2). Let i be a(q). Let g = i + 28. Is g a composite number?
False
Let u be 12*-2*(-2)/(-8). Let j(m) = -1139*m + 163. Is j(u) a prime number?
True
Suppose 20*b + 398633 - 1646043 = 10*b. Is b prime?
False
Is 6166/4 + 9/6 prime?
True
Let a = -96562 + 185844. Is a a composite number?
True
Suppose -3*o + 5*c - 10170 = 0, o + 54*c + 3380 = 59*c. Let z(d) = 8*d**3 - 13*d**2 + 3*d - 12. Let t be z(9). Let u = t + o. Is u composite?
False
Let c(w) = w**2 - w - 5. Let s be c(0). Let m be -5 + 17/(51/126) + 4. Let k = m - s. Is k a prime number?
False
Suppose 3096 = 3*i - 1017. Let o = i - 698. Is o composite?
False
Let i = 19599 - 4150. Suppose 8 - i = -3*g. Is g a composite number?
False
Let f(r) = -1037*r + 30. Let v = -358 + 357. Is f(v) composite?
True
Suppose 11029246 = 23*t + 59*t. Is t a composite number?
False
Let k = -15 + 12. Let l(o) = 1152*o**2 - 3*o - 8. Is l(k) a prime number?
True
Suppose 36*n - 1337833 = 6504011. Is n a composite number?
False
Suppose 3*t + 903437 = 4*q + 2*t, 0 = -5*q - 2*t + 1129293. Is q composite?
False
Let u(w) = -w**3 + 10*w**2 - 16*w + 2. Let k be u(8). Suppose i - 760 = -3*y, -k*y - 940 = -i - 205. Is i prime?
False
Let z = -50 - -55. Suppose 5*d - 4*l = -6*l + 17167, -5*l + 17170 = z*d. Is d composite?
False
Is 9*(1/(-18))/((-3)/12) + 84671 composite?
False
Let g = 128 - -97. Let k = -3702 - -1594. Let x = g - k. Is x a prime number?
True
Let y(b) = -b**2 - 24*b + 5. Let q be y(-13). Suppose 0 = -13*g + 12*g - q. Let c = 275 + g. Is c composite?
False
Let k(s) = 243*s**2 + 2*s - 5. Suppose -5*h = r + 23, 2*r - 8*h = -7*h + 9. Is k(r) composite?
False
Let d be 8/20*((-18)/2 - -4). Is (-11086)/d - (-5 + 6 - 1) a composite number?
True
Let t = -22207 - -25050. Is t a prime number?
True
Suppose 0 = -q + 6. Let v(x) = -158*x - 13. Let u(l) = 58*l - 1. Let n(a) = 4*u(a) + v(a). Is n(q) a prime number?
False
Let g(x) = 1649*x**2 - 12*x - 48. Is g(5) composite?
False
Let r(s) = 233*s**2 + 314*s + 12. Is r(9) prime?
False
Suppose -3*v - 4*u - 8 = 0, u = -0*u + 4. Is (8173/(-44) + 6/v)*-2 composite?
False
Suppose -5968512 = -222*t + 5437626. Is t a composite number?
True
Suppose 22*v - 75*v - 134*v = -45721874. Is v prime?
False
Let w = -540 + 116. Let l = -239 - w. Is l a prime number?
False
Is 4275/380 + (-22)/2 + (-2496182)/(-8) a prime number?
True
Let n = -59717 - -214020. Is n a composite number?
False
Let x(s) = -3 - 2*s**2 + 8*s - 10 + 16 + 71*s**3. Let u(a) = 21*a - 80. Let n be u(4). Is x(n) prime?
True
Suppose -4*g - 1 - 7 = 0. Let t(n) = -n + 3. Let q be t(g). Suppose 2*v = 1 - q, -4*s = v - 506. Is s composite?
False
Let z be ((-20)/(-6))/((-210)/(-504)). Is z/(-14) - 1422798/(-182) composite?
False
Suppose 5*c = 16*c - 29986. Is c - (2 + 0) - 2 a prime number?
False
Let g(l) = -32325*l + 119. Is g(-4) a composite number?
False
Suppose -3*g = y - 339097, 38*y - 39*y = -2*g - 339087. Is y prime?
True
Let b(f) = 90*f**2 - 194*f + 207. Is b(-103) prime?
True
Let y be (380/(-285))/((-2)/(-3)). Let l(b) = -600*b**3 - 5*b**2 + 33*b + 3. Let d(p) = 150*p**3 + p**2 - 8*p - 1. Let q(i) = -9*d(i) - 2*l(i). Is q(y) prime?
False
Let h be (-60)/(-40)*3/((-9)/(-172)). Suppose 97377 = -83*f + h*f. Is f prime?
False
Let k = 238 + -195. Suppose 9*b + 105978 = k*b. Is b prime?
False
Let k(b) = 378*b**2 + 20*b - 81. Is k(-7) composite?
False
Let m(g) = g**3 + 13*g**2 + 24*g + 28. Let w be m(-11). Suppose 23117 = w*f - 19117. Is f prime?
True
Suppose 578 = 5*t - i + 3*i, 5*t - i - 566 = 0. Let j be t/(-3) + -1 + (3 - 0). Is (-38312)/j + -3 + 2/(-9) prime?
True
Suppose 3*i - 3038690 + 1004300 = -3*q, 2*i - 5*q = 1356281. Is i a prime number?
True
Suppose -p - 90665 = -5*p + 3*j, -4*j + 45316 = 2*p. Suppose 0 = -5*k + 4*u + 45, -2*k - 3*u = -7*k + 45. Suppose k*n - p = n. Is n composite?
False
Suppose 0 = f - 2*l - 8, 4*l + 1 = -f - 3. Suppose -f*y + x + 3*x = -24, 4*y - 15 = -5*x. Suppose -2772 = -y*j + 13. Is j a composite number?
False
Suppose 191838 + 227976 = 2*w + 4*g, 4*w = 4*g + 839604. Is w a prime number?
False
Is (5139762*28/(-336))/((-1)/2) a prime number?
True
Let g(w) = 11*w**2 + 10*w - 12 + 9*w**2 - 22*w**2. Let k be g(2)